 = 3*b + 4*w - 7429, 2*w = 49*b - y*b + 4954. Is b prime?
False
Let f = -7 - -11. Suppose 0 = 45*j - 56*j. Suppose j = y + u - 564, -f*y - 2*u + 2249 = -5*u. Is y prime?
True
Suppose 738 = -k + 2*k. Let n = k + -301. Suppose 5*z = 2*a - n, 0 = -2*a - 5*z + 420 + 27. Is a a prime number?
False
Let w be 13 - (8 - 4/1). Suppose w*z = 11*z - 1082. Let p = -227 + z. Is p composite?
True
Let h(i) = i**3 + 5*i**2 - 6*i - 4. Let k be h(-6). Let y(c) = -22*c**3 + 16*c - 7. Is y(k) a composite number?
True
Suppose -4*n - t + 334 = 0, 99 = -4*n + 5*t + 445. Let k be 4/n*6*7. Suppose 368 = k*b - x, b - 931 = -4*b - 3*x. Is b composite?
True
Let q = 224854 - -177612. Is q prime?
False
Let t(l) = 13*l**2 + 13*l + 1. Suppose 4*g = -3 + 19. Let m(x) = -x**3 + 14*x**2 + 14*x + 1. Let o(c) = g*m(c) - 5*t(c). Is o(-8) a prime number?
True
Suppose 40 = 2*k - 3*q, 3*q + 14 = 4*k - 54. Let x(j) = 2*j**2 - 28*j + 6. Let a be x(k). Suppose 7003 = 3*r - 4*d, 4*r + 5*d = a*r - 4671. Is r prime?
True
Suppose -4*a + 5*p = -3005783, -6*p - 3 = -9*p. Is a a prime number?
True
Suppose 16*y - 54398 = -1790. Suppose -w = 5, a + 0*a + w = y. Is a a prime number?
False
Let t(d) = -55202*d**3 + 131*d + 130. Is t(-1) a prime number?
True
Let c(v) = 2*v**2 + v + 1. Let t be c(-1). Suppose 3*b - 47 = 4*g, 4*b - 40 = 2*g - 4. Suppose -o - t*h - 4307 = -2*o, b*o = -h + 21579. Is o prime?
False
Suppose 3*t = 9*t - 54. Is ((6/t)/2)/((-15)/(-232335)) prime?
False
Suppose 28*f + 121 = -271. Is (f/21)/((-6)/17757) prime?
True
Let c = 43087 - -38580. Is c composite?
False
Suppose 30*j - 2*s + 201875 = 41*j, 0 = -3*j + 5*s + 55079. Is j composite?
False
Let v(t) = t**3 + 5*t**2 + 5*t + 4. Let o be v(-2). Suppose 2*r + 3*x = o*r + 73, 5*r = -5*x - 65. Is ((-1272)/r)/(3/4) prime?
False
Suppose -2*m = 2*i - 1811 - 3239, 0 = -5*m - i + 12609. Is m a composite number?
False
Let z = -3 + 5. Let a(p) = -930*p + 10. Let y(n) = 618*n - 7. Let k(w) = -5*a(w) - 7*y(w). Is k(z) composite?
False
Let f = -3395 - -5412. Let x = 5814 - f. Is x prime?
True
Let v(p) = 1 - 3 + 6 + p**2 - 3*p. Let m be v(3). Let i(n) = 27*n**3 - n**2 + 7*n - 5. Is i(m) prime?
False
Suppose -5*n + 2*w = -14380, 2*w = -3*n + 5180 + 3448. Suppose -2*h = 2*o - 2200, 425 = 3*h + 4*o - n. Is h a composite number?
True
Let s = 57247 + -34296. Is s a composite number?
True
Let l(n) = -478*n**2 - n + 8. Let f be l(4). Let m = -3199 - f. Suppose 5*v = 10*v - m. Is v a prime number?
False
Suppose -4*z + 9615 = -6781. Is z a prime number?
True
Is 418353 - (-24 - (-10 - -6)) a prime number?
True
Suppose b - 5*o - 1 = -6*o, -4*o + 7 = 5*b. Suppose -3*m - b*a = -570, -4*a = -6*m + 3*m + 549. Is m prime?
False
Suppose 4*l + 4*s - 945834 = 2557534, 5*l = -2*s + 4379237. Is l a prime number?
True
Suppose 76*g - 11 = 71*g + 19. Let o(c) = -8*c**2 - c + 20. Let p(b) = -b + 1. Let z(y) = -o(y) + 4*p(y). Is z(g) prime?
False
Let q = -21161 - -21168. Suppose -6*u = -u. Suppose u = -q*k + 8671 + 3180. Is k composite?
False
Let b(f) be the second derivative of 1/3*f**4 + 0 + 3/2*f**2 + 17*f + 1/2*f**3. Is b(-14) composite?
True
Suppose 564809 = 2*u + r, -115 = 2*r - 105. Is u composite?
False
Let j be (-1)/((-3)/(-228)*-2). Let v = j - 36. Suppose -v*n - 15 = -5*n, -n - 2159 = -4*k. Is k a composite number?
False
Suppose -x - 857 = -37*f + 35*f, 2*f = -4*x - 3418. Let k = x - -1642. Is k composite?
False
Suppose 2*n + 78 = 3*n - w, -w + 378 = 5*n. Let l = -78 + n. Is (162 - 6*(-1)/l) + 2 a prime number?
False
Is 112589/4*-46*(88 + -90) composite?
True
Suppose 12*y + 10 - 106 = 0. Suppose -1231 = -y*f + 6025. Is f prime?
True
Let g = -226 + 234. Let o(u) = 4*u**3 - 18*u**2 - 7*u + 1. Is o(g) composite?
True
Suppose -8*g - 34097 = -15*g. Suppose 70*x - 69*x - g = 0. Is x a composite number?
False
Suppose 4*t = -4*z + 8520, 2*z + 4*t = 6*z - 8528. Let o = z - 726. Is o a prime number?
False
Suppose 4*o + 1369*i = 1367*i + 655708, 3*o - 5*i - 491781 = 0. Is o prime?
True
Let v(q) be the first derivative of -21*q**4/4 - 8*q**2 - 6*q + 84. Is v(-7) composite?
False
Suppose 36 + 12 = 12*m. Suppose -y = -6*y - 4*d + 105797, m*y - 84634 = -2*d. Is y prime?
True
Let p(u) = -3*u**2 + 16*u + 6. Let j be p(15). Let v = -705 - j. Let f = -181 - v. Is f prime?
False
Suppose 47*m - 20 = 51*m, 2*m = 3*u - 3122521. Is u composite?
True
Let a(w) = -6540*w + 1573. Is a(-4) composite?
False
Let n(z) = 15*z**2 + 3*z + 5. Let q(m) = -m**3 - 6*m**2 - 2*m - 8. Suppose 4*r = 5*r + 4*i + 22, -26 = r + 5*i. Let p be q(r). Is n(p) a prime number?
True
Suppose -18 = -5*n + 3*n. Suppose 0 = 4*m - n - 7. Suppose -2*s = 4*j - 3678, 3*j = -m*s + 2*s + 3682. Is s composite?
False
Let f(v) = -3*v. Let c(z) = 35*z - 150. Let r(u) = c(u) - 2*f(u). Is r(13) prime?
True
Let z(d) = 146*d**2 + 10*d - 43. Let n = 52 + -48. Is z(n) prime?
True
Is (-4 - -6)/(8/2668340) a composite number?
True
Suppose -7 = -a - 2*n - 1, -4 = -5*a + 3*n. Suppose 3*p = 4*p - 8994. Is -1*(a/3 + p/(-18)) prime?
True
Let g(s) = 1169*s**2 + 97*s + 109. Is g(14) a prime number?
False
Let n = -52 + 56. Is n*7/(-210) + 52577/15 a composite number?
True
Let j = 12451 - -173322. Is j composite?
True
Let s = -23 + 25. Suppose -2*w - 2*k + 5004 = w, 2*k = 3*w - 5016. Suppose 3*j - 4*v - 4203 = -2*j, 4*v - w = -s*j. Is j composite?
False
Suppose 0 = 27*l - 29*l + 12152. Suppose 3*x - 8033 = l. Is x prime?
True
Let h = 146192 + -66786. Is h composite?
True
Let o = 18178 + -8427. Suppose -4*d - 5*y + o = 0, 10*y - 8*y + 9730 = 4*d. Is d prime?
False
Is (-200)/300*699207/(-2) composite?
False
Let l be (-3)/(9/(-1704))*4. Let s = 2559 + l. Is s prime?
True
Let k = -25 + 23. Let m be 44/(-11) - 2*k. Is 15/(-15) - (m - 158) a prime number?
True
Suppose -44*v + 4042524 = 8296. Is v composite?
True
Suppose 0 = 5*c - 0*c + 2*z - 22289, c - 3*z - 4451 = 0. Suppose 0 = -5*y + 4*n + 15225, 0 = 3*y + 4*n - c - 4710. Is y a composite number?
False
Is (-603921042)/(-2486) - 6/(-33) a prime number?
False
Let n be 7 + 198/(-30) - 4487/5. Let c = n - -1574. Is c prime?
True
Let h be -102*(-6 - (33 - -3)). Let u = h + -1705. Is u prime?
True
Suppose -4492710 = 672*r - 690*r. Is r a prime number?
False
Let o(v) = 49*v**3 - 9*v**2 + 19*v - 20. Let t be o(7). Let g = t + -10472. Is g a composite number?
False
Let h(i) be the third derivative of i**5/60 + 17*i**4/24 - 3*i**3 - 3*i**2. Let t be h(-18). Is t + (-6050)/(-6) + 6/9 a prime number?
True
Suppose 65 - 97 = -4*l. Let t(k) = 11*k**3 + 39*k**2 + 35*k - 5. Let b(n) = -4*n**3 - 13*n**2 - 12*n + 2. Let u(j) = l*b(j) + 3*t(j). Is u(-6) a prime number?
True
Let a(o) = 10*o**2 + 25*o + 29. Let u be a(8). Let b = 1618 - u. Is b composite?
True
Suppose -3*j + 115 = -2*t, 4*j - 3*t = 3*j + 50. Let k = -13618 + 13613. Is (-60465)/(-21) - k/(j/(-2)) prime?
True
Let t = -75 + 80. Suppose 4*p + t*w = -0*w + 3917, 0 = 2*p - 2*w - 1972. Suppose 5*d = 15812 + p. Is d a prime number?
True
Suppose 226*v - 20225372 = 56026350. Is v a composite number?
False
Let a = -331 + 331. Suppose 3*i - 1138 - 5591 = a. Is i prime?
True
Let h be 5596 - 3/((-15)/(-25)). Suppose 4*y = 16*j - 11*j - h, 0 = 4*j + 3*y - 4479. Is j prime?
False
Let g(s) be the second derivative of 311*s**3/3 + 133*s**2/2 + s - 61. Is g(25) a composite number?
False
Let h(s) = -2*s**3 - 18*s**2 - 21*s + 31. Let v be h(-17). Suppose -135*p + 139*p - v = 0. Is p a prime number?
False
Let d be ((-9)/6)/((-9)/24). Let g(b) = 21*b**3 - 9*b**2 - 5*b + 3. Let m(o) = -o**3 - o**2 + 1. Let s(x) = g(x) - 6*m(x). Is s(d) a prime number?
True
Suppose -23*p = -14*p - 378. Is 2683*(28/p)/((-4)/(-6)) composite?
False
Suppose 5*o + 261 + 49 = 0. Let t be (-1)/(-7) + (o/(-7) - 5). Suppose -m - 7604 = -t*n - 6*m, -9505 = -5*n + 4*m. Is n prime?
True
Suppose -2653 = d - 356. Let x = 27261 - d. Is x prime?
False
Let s(b) be the first derivative of -2*b**5/5 + 17*b**4/24 + 29*b**3/3 - 25. Let n(w) be the third derivative of s(w). Is n(-6) a prime number?
False
Let u(k) = k**3 - 18*k**2 - 39*k - 16. Let y be u(20). Suppose -y*v = -5*d + 11653, 7012 = 4*d - 5*v - 2305. Is d a prime number?
True
Suppose 4*b - 463 + 411 = 0. Suppose 0 = b*l - 413760 + 116047. Is l composite?
False
Is 80/880 + (-16553368)/(-44) composite?
True
Suppose 2*f = f - 90591 + 547408. Is f pr